ns digit of 8600307?
0
What is the units digit of 5353013?
3
What is the hundred thousands digit of 877510?
8
What is the hundreds digit of 13477706?
7
What is the ten thousands digit of 1087868?
8
What is the tens digit of 353750?
5
What is the millions digit of 3458941?
3
What is the thousands digit of 814828?
4
What is the units digit of 821469?
9
What is the hundreds digit of 2108312?
3
What is the thousands digit of 1081818?
1
What is the units digit of 672344?
4
What is the hundred thousands digit of 1969404?
9
What is the tens digit of 2104773?
7
What is the thousands digit of 153261?
3
What is the hundreds digit of 28116017?
0
What is the tens digit of 760103?
0
What is the hundred thousands digit of 13876944?
8
What is the units digit of 9011540?
0
What is the hundred thousands digit of 161455?
1
What is the thousands digit of 38959596?
9
What is the units digit of 322269?
9
What is the tens digit of 787161?
6
What is the ten thousands digit of 2768093?
6
What is the thousands digit of 684798?
4
What is the units digit of 91088?
8
What is the millions digit of 2248879?
2
What is the hundred thousands digit of 3897851?
8
What is the hundreds digit of 94518?
5
What is the hundreds digit of 13974849?
8
What is the tens digit of 3121053?
5
What is the thousands digit of 16409919?
9
What is the hundreds digit of 759706?
7
What is the tens digit of 3257926?
2
What is the units digit of 1421138?
8
What is the hundreds digit of 138223?
2
What is the units digit of 10970?
0
What is the thousands digit of 1168393?
8
What is the tens digit of 401675?
7
What is the units digit of 3432205?
5
What is the tens digit of 623057?
5
What is the hundred thousands digit of 1345714?
3
What is the ten thousands digit of 297278?
9
What is the hundreds digit of 664394?
3
What is the tens digit of 497224?
2
What is the hundred thousands digit of 342099?
3
What is the hundred thousands digit of 113718?
1
What is the thousands digit of 311697?
1
What is the millions digit of 5953375?
5
What is the thousands digit of 182749?
2
What is the units digit of 605452?
2
What is the tens digit of 64838?
3
What is the thousands digit of 61049?
1
What is the tens digit of 374734?
3
What is the thousands digit of 1053420?
3
What is the tens digit of 6361088?
8
What is the units digit of 1462177?
7
What is the tens digit of 1930878?
7
What is the tens digit of 1030131?
3
What is the hundreds digit of 78499?
4
What is the hundreds digit of 12955243?
2
What is the hundred thousands digit of 18319075?
3
What is the hundred thousands digit of 208273?
2
What is the hundreds digit of 1705025?
0
What is the tens digit of 3110993?
9
What is the ten thousands digit of 230552?
3
What is the ten thousands digit of 4782516?
8
What is the units digit of 5201?
1
What is the units digit of 1931793?
3
What is the hundred thousands digit of 1824827?
8
What is the units digit of 1982852?
2
What is the ten thousands digit of 11990214?
9
What is the units digit of 2611420?
0
What is the tens digit of 160280?
8
What is the hundred thousands digit of 102913?
1
What is the tens digit of 5025223?
2
What is the ten thousands digit of 3889236?
8
What is the tens digit of 12322622?
2
What is the ten thousands digit of 665859?
6
What is the tens digit of 1523956?
5
What is the hundred thousands digit of 1609772?
6
What is the thousands digit of 58400?
8
What is the millions digit of 1425280?
1
What is the millions digit of 5709144?
5
What is the units digit of 508094?
4
What is the units digit of 3603406?
6
What is the hundreds digit of 15553469?
4
What is the units digit of 9866324?
4
What is the hundreds digit of 16297124?
1
What is the hundred thousands digit of 107033?
1
What is the hundreds digit of 167221?
2
What is the millions digit of 10105343?
0
What is the thousands digit of 1163743?
3
What is the hundreds digit of 634795?
7
What is the thousands digit of 402335?
2
What is the tens digit of 203109?
0
What is the ten thousands digit of 5094697?
9
What is the units digit of 24669882?
2
What is the thousands digit of 5433764?
3
What is the hundred thousands digit of 192937?
1
What is the hundreds digit of 7042401?
4
What is the hundred thousands digit of 186491?
1
What is the tens digit of 1755923?
2
What is the ten thousands digit of 9725016?
2
What is the ten thousands digit of 516927?
1
What is the hundreds digit of 3501421?
4
What is the ten millions digit of 11113528?
1
What is the tens digit of 39240236?
3
What is the thousands digit of 8007966?
7
What is the tens digit of 479047?
4
What is the hundred thousands digit of 269403?
2
What is the thousands digit of 6513577?
3
What is the thousands digit of 5071602?
1
What is the millions digit of 5144159?
5
What is the thousands digit of 279912?
9
What is the units digit of 2350133?
3
What is the units digit of 648791?
1
What is the hundred thousands digit of 3674733?
6
What is the hundreds digit of 232179?
1
What is the hundreds digit of 133806?
8
What is the units digit of 6063370?
0
What is the tens digit of 7532640?
4
What is the millions digit of 5222215?
5
What is the hundreds digit of 2283404?
4
What is the hundred thousands digit of 3563580?
5
What is the hundred thousands digit of 12944257?
9
What is the tens digit of 4810056?
5
What is the hundreds digit of 917110?
1
What is the hundred thousands digit of 165721?
1
What is the thousands digit of 18393?
8
What is the hundred thousands digit of 21640061?
6
What is the units digit of 1772485?
5
What is the thousands digit of 926108?
6
What is the thousands digit of 597675?
7
What is the thousands digit of 2480893?
0
What is the units digit of 2562380?
0
What is the ten thousands digit of 385986?
8
What is the units digit of 288471?
1
What is the hundreds digit of 265783?
7
What is the hundred thousands digit of 2299098?
2
What is the thousands digit of 1329723?
9
What is the units digit of 2737762?
2
What is the units digit of 1245597?
7
What is the ten thousands digit of 21908975?
0
What is the millions digit of 3690658?
3
What is the tens digit of 198669?
6
What is the units digit of 166245?
5
What is the ten thousands digit of 28253078?
5
What is the units digit of 732589?
9
What is the hundreds digit of 94298?
2
What is the units digit of 4611049?
9
What is the thousands digit of 6325509?
5
What is the tens digit of 17002242?
4
What is the ten thousands digit of 314931?
1
What is the millions digit of 1170330?
1
What is the ten thousands digit of 3282708?
8
What is the ten thousands digit of 36303?
3
What is the ten thousands digit of 4059076?
5
What is the hundreds digit of 221105?
1
What is the hundreds digit of 1342816?
8
What is the tens digit of 407356?
5
What is the thousands digit of 481194?
1
What is the tens digit of 165798?
9
What is the hundreds digit of 26677175?
1
What is the hundreds digit of 203180?
1
What is the thousands digit of 673406?
3
What is the hundred thousands digit of 176785?
1
What is the ten thousands digit of 180865?
8
What is the ten thousands digit of 257689?
5
What is the units digit of 2339406?
6
What is the tens digit of 264434?
3
What is the tens digit of 387392?
9
What is the thousands digit of 1397711?
7
What is the units digit of 952625?
5
What is the ten thousands digit of 8007356?
0
What is the ten thousands digit of 6763736?
6
What is the millions digit of 7154481?
7
What is the hundred thousands digit of 583889?
5
What is the hundred thousands digit of 436459?
4
What is the units digit of 377266?
6
What is the millions digit of 24256113?
4
What is the tens digit of 4794031?
3
What is the hundreds digit of 139336?
3
What is the units digit of 1344281?
1
What is the tens digit of 637263?
6
What is the hundred thousands digit of 507326?
5
What is the units digit of 849526?
6
What is the hundreds digit of 399782?
7
What is the hundreds digit of 67102?
1
What is the tens digit of 383643?
4
What is the ten thousands digit of 1724856?
2
What is the hundreds digit of 885636?
6
What is the hundred thousands digit of 1201561?
2
What is the hundreds digit of 111518?
5
What is the tens digit of 38698?
9
What is the ten thousands digit of 18296?
1
What is the millions digit of 14717924?
4
What is the tens digit of 669451?
5
What is the hundred tho